housands digit of 22549725?
9
What is the units digit of 5173888?
8
What is the hundred thousands digit of 100024?
1
What is the hundred thousands digit of 3702332?
7
What is the thousands digit of 1327599?
7
What is the tens digit of 824056?
5
What is the hundreds digit of 4855565?
5
What is the ten thousands digit of 1618165?
1
What is the ten thousands digit of 1280414?
8
What is the thousands digit of 17107226?
7
What is the tens digit of 7447?
4
What is the hundred thousands digit of 628977?
6
What is the hundred thousands digit of 386089?
3
What is the thousands digit of 422886?
2
What is the tens digit of 17702054?
5
What is the thousands digit of 20615?
0
What is the millions digit of 1021450?
1
What is the units digit of 73838?
8
What is the units digit of 551639?
9
What is the units digit of 7749427?
7
What is the tens digit of 443361?
6
What is the ten thousands digit of 5112353?
1
What is the hundred thousands digit of 2554977?
5
What is the tens digit of 321917?
1
What is the thousands digit of 5175047?
5
What is the thousands digit of 4263907?
3
What is the hundred thousands digit of 1558726?
5
What is the units digit of 2675723?
3
What is the units digit of 885926?
6
What is the hundreds digit of 861961?
9
What is the ten thousands digit of 3626060?
2
What is the thousands digit of 530353?
0
What is the hundreds digit of 1588600?
6
What is the ten thousands digit of 1109559?
0
What is the units digit of 29544?
4
What is the thousands digit of 2342684?
2
What is the millions digit of 1167155?
1
What is the units digit of 3086551?
1
What is the hundred thousands digit of 9107327?
1
What is the hundred thousands digit of 837039?
8
What is the tens digit of 389814?
1
What is the hundreds digit of 61086?
0
What is the hundreds digit of 792480?
4
What is the units digit of 130885?
5
What is the hundred thousands digit of 1974696?
9
What is the hundred thousands digit of 425973?
4
What is the thousands digit of 69128?
9
What is the ten thousands digit of 1670703?
7
What is the hundreds digit of 323848?
8
What is the thousands digit of 7641576?
1
What is the thousands digit of 51961?
1
What is the units digit of 747104?
4
What is the thousands digit of 2786399?
6
What is the tens digit of 5510?
1
What is the units digit of 106737?
7
What is the ten thousands digit of 87099?
8
What is the tens digit of 3359398?
9
What is the thousands digit of 21410192?
0
What is the thousands digit of 7274661?
4
What is the ten thousands digit of 261757?
6
What is the hundreds digit of 264301?
3
What is the ten millions digit of 19409157?
1
What is the tens digit of 4105580?
8
What is the tens digit of 856463?
6
What is the ten thousands digit of 7463639?
6
What is the hundreds digit of 801124?
1
What is the ten thousands digit of 1435480?
3
What is the tens digit of 350886?
8
What is the hundred thousands digit of 4567326?
5
What is the thousands digit of 6317546?
7
What is the hundreds digit of 250528?
5
What is the units digit of 598249?
9
What is the ten thousands digit of 1658800?
5
What is the hundreds digit of 11425222?
2
What is the thousands digit of 1018785?
8
What is the tens digit of 534999?
9
What is the ten thousands digit of 4521025?
2
What is the thousands digit of 14803127?
3
What is the hundred thousands digit of 225151?
2
What is the units digit of 100236?
6
What is the ten thousands digit of 9920243?
2
What is the hundreds digit of 588673?
6
What is the tens digit of 3990257?
5
What is the tens digit of 324440?
4
What is the thousands digit of 354987?
4
What is the hundreds digit of 4239502?
5
What is the thousands digit of 4583537?
3
What is the tens digit of 153689?
8
What is the millions digit of 4920583?
4
What is the hundred thousands digit of 470556?
4
What is the thousands digit of 865915?
5
What is the ten thousands digit of 754261?
5
What is the millions digit of 2025644?
2
What is the units digit of 1217563?
3
What is the units digit of 505297?
7
What is the tens digit of 6429238?
3
What is the hundreds digit of 3802278?
2
What is the hundred thousands digit of 1332795?
3
What is the ten thousands digit of 2244554?
4
What is the units digit of 808629?
9
What is the units digit of 14721824?
4
What is the hundreds digit of 243094?
0
What is the hundreds digit of 864776?
7
What is the millions digit of 16834229?
6
What is the tens digit of 7067908?
0
What is the ten millions digit of 24616269?
2
What is the tens digit of 3469921?
2
What is the units digit of 2875333?
3
What is the tens digit of 56213?
1
What is the thousands digit of 1326294?
6
What is the hundreds digit of 68709?
7
What is the ten millions digit of 13697247?
1
What is the tens digit of 27675?
7
What is the millions digit of 1614205?
1
What is the hundred thousands digit of 665449?
6
What is the units digit of 159961?
1
What is the hundred thousands digit of 1928583?
9
What is the units digit of 1229560?
0
What is the ten millions digit of 12876877?
1
What is the thousands digit of 1278791?
8
What is the units digit of 280959?
9
What is the thousands digit of 172441?
2
What is the thousands digit of 302057?
2
What is the ten thousands digit of 84088?
8
What is the thousands digit of 323400?
3
What is the hundred thousands digit of 3501856?
5
What is the hundred thousands digit of 222178?
2
What is the ten thousands digit of 283240?
8
What is the units digit of 477264?
4
What is the ten thousands digit of 628279?
2
What is the units digit of 283555?
5
What is the thousands digit of 878239?
8
What is the hundreds digit of 375313?
3
What is the hundreds digit of 2927304?
3
What is the ten thousands digit of 97287?
9
What is the thousands digit of 7976377?
6
What is the ten thousands digit of 600892?
0
What is the hundreds digit of 8482122?
1
What is the thousands digit of 56285?
6
What is the ten thousands digit of 16617843?
1
What is the hundred thousands digit of 188804?
1
What is the units digit of 31591?
1
What is the units digit of 278668?
8
What is the units digit of 218400?
0
What is the ten millions digit of 22012678?
2
What is the units digit of 51459?
9
What is the ten thousands digit of 33146?
3
What is the units digit of 15089896?
6
What is the millions digit of 1499592?
1
What is the units digit of 125790?
0
What is the tens digit of 1413547?
4
What is the units digit of 845052?
2
What is the hundred thousands digit of 289776?
2
What is the thousands digit of 300180?
0
What is the ten thousands digit of 194861?
9
What is the units digit of 289196?
6
What is the millions digit of 9053755?
9
What is the units digit of 921053?
3
What is the hundred thousands digit of 530014?
5
What is the units digit of 8613151?
1
What is the units digit of 350179?
9
What is the millions digit of 1042516?
1
What is the thousands digit of 4178496?
8
What is the hundreds digit of 14317718?
7
What is the thousands digit of 713768?
3
What is the thousands digit of 1943?
1
What is the tens digit of 6243055?
5
What is the ten thousands digit of 968998?
6
What is the units digit of 481447?
7
What is the units digit of 583906?
6
What is the millions digit of 23132267?
3
What is the hundred thousands digit of 9952847?
9
What is the tens digit of 270298?
9
What is the tens digit of 403051?
5
What is the ten thousands digit of 145470?
4
What is the tens digit of 26336773?
7
What is the thousands digit of 6583086?
3
What is the units digit of 203013?
3
What is the ten thousands digit of 417908?
1
What is the tens digit of 261765?
6
What is the units digit of 313695?
5
What is the units digit of 792091?
1
What is the ten thousands digit of 628064?
2
What is the tens digit of 244565?
6
What is the ten thousands digit of 216427?
1
What is the ten thousands digit of 1123092?
2
What is the hundred thousands digit of 372206?
3
What is the tens digit of 347630?
3
What is the thousands digit of 1606021?
6
What is the thousands digit of 246853?
6
What is the ten thousands digit of 511015?
1
What is the thousands digit of 586663?
6
What is the hundreds digit of 1299466?
4
What is the tens digit of 215716?
1
What is the millions digit of 4065413?
4
What is the units digit of 187616?
6
What is the ten thousands digit of 3523114?
2
What is the ten thousands digit of 637116?
3
What is the t